{"id":3908,"date":"2025-05-27T16:22:34","date_gmt":"2025-05-27T14:22:34","guid":{"rendered":"https:\/\/piqueniquedeschefs.fr\/?page_id=3908"},"modified":"2026-01-30T16:28:44","modified_gmt":"2026-01-30T15:28:44","slug":"partenaires-2025","status":"publish","type":"page","link":"https:\/\/piqueniquedeschefs.fr\/index.php\/partenaires-2025\/","title":{"rendered":"Partenaires 2025"},"content":{"rendered":"\n<p><\/p>\n\n\n\n<h2 class=\"wp-block-heading has-text-align-left\" style=\"text-transform:uppercase\">Un grand merci \u00e0 nos partenaires de l&rsquo;\u00e9dition 2025 !<\/h2>\n\n\n\n<hr class=\"wp-block-separator has-alpha-channel-opacity\"\/>\n\n\n\n<h3 class=\"wp-block-heading alignfull has-text-align-center\" style=\"text-transform:uppercase\">\ud83d\udcfb  PARTENAIRE M\u00c9DIA  \ud83d\udcfb<\/h3>\n\n\n\n<hr class=\"wp-block-separator has-alpha-channel-opacity\"\/>\n\n\n\n<div class=\"wp-block-columns is-layout-flex wp-container-core-columns-is-layout-9d6595d7 wp-block-columns-is-layout-flex\">\n<div class=\"wp-block-column is-vertically-aligned-center is-layout-flow wp-block-column-is-layout-flow\"><div class=\"wp-block-image\">\n<figure class=\"aligncenter size-large is-resized\"><a href=\"https:\/\/www.facebook.com\/cheriegrenoble\/?locale=fr_FR\" target=\"_blank\" rel=\"noreferrer noopener\"><img loading=\"lazy\" decoding=\"async\" width=\"1024\" height=\"568\" src=\"https:\/\/piqueniquedeschefs.fr\/wp-content\/uploads\/2021\/06\/LOGO_CHERIE-FM_CMJN-1024x568.png\" alt=\"LOGO_CHERIE FM_CMJN\" class=\"wp-image-563\" style=\"width:256px;height:142px\" srcset=\"https:\/\/piqueniquedeschefs.fr\/wp-content\/uploads\/2021\/06\/LOGO_CHERIE-FM_CMJN-1024x568.png 1024w, https:\/\/piqueniquedeschefs.fr\/wp-content\/uploads\/2021\/06\/LOGO_CHERIE-FM_CMJN-300x166.png 300w, https:\/\/piqueniquedeschefs.fr\/wp-content\/uploads\/2021\/06\/LOGO_CHERIE-FM_CMJN-768x426.png 768w, https:\/\/piqueniquedeschefs.fr\/wp-content\/uploads\/2021\/06\/LOGO_CHERIE-FM_CMJN.png 1162w\" sizes=\"auto, (max-width: 1024px) 100vw, 1024px\" \/><\/a><\/figure>\n<\/div><\/div>\n\n\n\n<div class=\"wp-block-column is-layout-flow wp-block-column-is-layout-flow\">\n<p><strong><a href=\"https:\/\/www.facebook.com\/cheriegrenoble\/?locale=fr_FR\">Ch\u00e9rie FM Grenoble<\/a><\/strong><\/p>\n\n\n\n<p class=\"has-small-font-size\">Ch\u00e9rie FM Grenoble s&rsquo;assure que vous ne passiez pas \u00e0 c\u00f4t\u00e9 du Grand Pique-Nique des Chefs ! Elle vous propose m\u00eame de vous faire plaisir en remportant quelques portions !<\/p>\n\n\n\n<p class=\"has-small-font-size\">\u2139\ufe0f Ch\u00e9rie FM, la musique la plus vari\u00e9e : \u00e9coute en direct, podcasts programmes, vid\u00e9os, fr\u00e9quences, webradios, actualit\u00e9s people, horoscope&#8230;<\/p>\n<\/div>\n<\/div>\n\n\n\n<hr class=\"wp-block-separator has-alpha-channel-opacity\"\/>\n\n\n\n<h3 class=\"wp-block-heading alignfull has-text-align-center\" style=\"text-transform:uppercase\">\ud83d\udcb0  PARTENAIREs SPONSORs  \ud83d\udcb0<\/h3>\n\n\n\n<hr class=\"wp-block-separator has-alpha-channel-opacity\"\/>\n\n\n\n<div class=\"wp-block-columns is-layout-flex wp-container-core-columns-is-layout-9d6595d7 wp-block-columns-is-layout-flex\">\n<div class=\"wp-block-column is-vertically-aligned-center is-layout-flow wp-block-column-is-layout-flow\"><div class=\"wp-block-image\">\n<figure class=\"aligncenter size-medium is-resized\"><a href=\"https:\/\/koesio.com\"><img loading=\"lazy\" decoding=\"async\" width=\"300\" height=\"95\" src=\"https:\/\/piqueniquedeschefs.fr\/wp-content\/uploads\/2025\/05\/images-300x95.png\" alt=\"\" class=\"wp-image-3910\" style=\"width:225px;height:71px\" srcset=\"https:\/\/piqueniquedeschefs.fr\/wp-content\/uploads\/2025\/05\/images-300x95.png 300w, https:\/\/piqueniquedeschefs.fr\/wp-content\/uploads\/2025\/05\/images.png 400w\" sizes=\"auto, (max-width: 300px) 100vw, 300px\" \/><\/a><\/figure>\n<\/div><\/div>\n\n\n\n<div class=\"wp-block-column is-layout-flow wp-block-column-is-layout-flow\">\n<p><strong><a href=\"https:\/\/koesio.com\">Koesio<\/a><\/strong><\/p>\n\n\n\n<p class=\"has-small-font-size\">Koesio sponsorise notre \u00e9quipe et nos b\u00e9n\u00e9voles le jour-J pour permettre \u00e0 tous un \u00e9v\u00e9nement vraiment qualitatif ! <\/p>\n\n\n\n<p class=\"has-small-font-size\">\u2139\ufe0f Koesio, est le leader fran\u00e7ais du num\u00e9rique ! Ce sont des professionnels engag\u00e9s dans un service de qualit\u00e9 dans le traitement de l\u2019information et de la communication sous toutes ses formes ! \ud83d\udcbb<\/p>\n<\/div>\n<\/div>\n\n\n\n<hr class=\"wp-block-separator has-alpha-channel-opacity\"\/>\n\n\n\n<div class=\"wp-block-columns is-layout-flex wp-container-core-columns-is-layout-9d6595d7 wp-block-columns-is-layout-flex\">\n<div class=\"wp-block-column is-vertically-aligned-center is-layout-flow wp-block-column-is-layout-flow\"><div class=\"wp-block-image\">\n<figure class=\"aligncenter size-large is-resized\"><a href=\" https:\/\/bonnevalwaters.com\/ \"><img loading=\"lazy\" decoding=\"async\" width=\"1024\" height=\"724\" src=\"https:\/\/piqueniquedeschefs.fr\/wp-content\/uploads\/2025\/06\/BONNEVAL_LOGOTYPE_BASELINE-1024x724.jpg\" alt=\"\" class=\"wp-image-4011\" style=\"width:256px;height:181px\" srcset=\"https:\/\/piqueniquedeschefs.fr\/wp-content\/uploads\/2025\/06\/BONNEVAL_LOGOTYPE_BASELINE-1024x724.jpg 1024w, https:\/\/piqueniquedeschefs.fr\/wp-content\/uploads\/2025\/06\/BONNEVAL_LOGOTYPE_BASELINE-300x212.jpg 300w, https:\/\/piqueniquedeschefs.fr\/wp-content\/uploads\/2025\/06\/BONNEVAL_LOGOTYPE_BASELINE-768x543.jpg 768w, https:\/\/piqueniquedeschefs.fr\/wp-content\/uploads\/2025\/06\/BONNEVAL_LOGOTYPE_BASELINE-1536x1086.jpg 1536w, https:\/\/piqueniquedeschefs.fr\/wp-content\/uploads\/2025\/06\/BONNEVAL_LOGOTYPE_BASELINE-2048x1448.jpg 2048w\" sizes=\"auto, (max-width: 1024px) 100vw, 1024px\" \/><\/a><\/figure>\n<\/div><\/div>\n\n\n\n<div class=\"wp-block-column is-layout-flow wp-block-column-is-layout-flow\">\n<p><strong><a href=\"https:\/\/bonnevalwaters.com\/\">Bonneval<\/a><\/strong><\/p>\n\n\n\n<p class=\"has-small-font-size\">Eau Bonneval &amp; Eau p\u00e9tillante Jos\u00e9phine contribuent cette ann\u00e9e \u00e0 garder l&rsquo;\u00e9quipe du Grand Pique-Nique des Chefs hydrat\u00e9e ! \ud83d\udca7<\/p>\n\n\n\n<p class=\"has-small-font-size\"><a href=\"https:\/\/bonnevalwaters.com\/\">\u2139\ufe0f&nbsp;<strong>Eau<\/strong> <strong>Bonneval<\/strong>,<\/a> c\u2019est l&rsquo;eau min\u00e9rale naturelle de Savoie, plate ou gazeuse, qui jaillit \u00e0 plus de 1000m d&rsquo;altitude dans les Alpes fran\u00e7aises. Apr\u00e8s 2000 ans de filtration naturelle dans les roches alpines jusqu&rsquo;\u00e0 2500m de profondeur, la source jaillit librement dans la montagne, pr\u00e9serv\u00e9e de l&rsquo;activit\u00e9 humaine. L&rsquo;eau est naturellement charg\u00e9e en min\u00e9raux essentiels, naturellement pure et riche en calcium.<\/p>\n\n\n\n<p class=\"has-small-font-size\"><a href=\"https:\/\/www.instagram.com\/sparklingjosephine\/\">\u2139\ufe0f&nbsp;<strong>Eau<\/strong> <strong>p\u00e9tillante Jos\u00e9phine<\/strong>,<\/a> c\u2019est une eau p\u00e9tillante aux extraits botaniques.&nbsp;Les ingr\u00e9dients&nbsp;? Une eau des Alpes, des fruits et des extraits botaniques. Rien de moins, rien de plus. 0 calorie, 0 sucre, sans colorant, ni \u00e9dulcorant, ni conservateur et 100% naturelle. Plus besoin de choisir entre go\u00fbt et sant\u00e9. D\u00e9clin\u00e9e en trois saveurs&nbsp;: citron &amp; rose, myrtille &amp; tilleul, mirabelle &amp; cannelle.<\/p>\n<\/div>\n<\/div>\n\n\n\n<div class=\"wp-block-columns is-layout-flex wp-container-core-columns-is-layout-9d6595d7 wp-block-columns-is-layout-flex\">\n<div class=\"wp-block-column is-vertically-aligned-center is-layout-flow wp-block-column-is-layout-flow\"><div class=\"wp-block-image\">\n<figure class=\"aligncenter size-full is-resized\"><a href=\"https:\/\/www.ces-38.fr\"><img loading=\"lazy\" decoding=\"async\" width=\"385\" height=\"364\" src=\"https:\/\/piqueniquedeschefs.fr\/wp-content\/uploads\/2025\/06\/image001.png\" alt=\"\" class=\"wp-image-4036\" style=\"width:217px;height:204px\" srcset=\"https:\/\/piqueniquedeschefs.fr\/wp-content\/uploads\/2025\/06\/image001.png 385w, https:\/\/piqueniquedeschefs.fr\/wp-content\/uploads\/2025\/06\/image001-300x284.png 300w\" sizes=\"auto, (max-width: 385px) 100vw, 385px\" \/><\/a><\/figure>\n<\/div>\n\n\n<div class=\"wp-block-columns are-vertically-aligned-center is-layout-flex wp-container-core-columns-is-layout-9d6595d7 wp-block-columns-is-layout-flex\">\n<div class=\"wp-block-column is-vertically-aligned-center is-layout-flow wp-block-column-is-layout-flow\"><div class=\"wp-block-image\">\n<figure class=\"alignright size-full is-resized\"><img loading=\"lazy\" decoding=\"async\" width=\"675\" height=\"713\" src=\"https:\/\/piqueniquedeschefs.fr\/wp-content\/uploads\/2025\/06\/image002.png\" alt=\"\" class=\"wp-image-4037\" style=\"width:69px;height:73px\" srcset=\"https:\/\/piqueniquedeschefs.fr\/wp-content\/uploads\/2025\/06\/image002.png 675w, https:\/\/piqueniquedeschefs.fr\/wp-content\/uploads\/2025\/06\/image002-284x300.png 284w\" sizes=\"auto, (max-width: 675px) 100vw, 675px\" \/><\/figure>\n<\/div><\/div>\n\n\n\n<div class=\"wp-block-column is-vertically-aligned-center is-layout-flow wp-block-column-is-layout-flow\"><div class=\"wp-block-image\">\n<figure class=\"alignleft size-full is-resized\"><img loading=\"lazy\" decoding=\"async\" width=\"224\" height=\"77\" src=\"https:\/\/piqueniquedeschefs.fr\/wp-content\/uploads\/2025\/06\/image003.png\" alt=\"\" class=\"wp-image-4038\" style=\"width:170px;height:59px\"\/><\/figure>\n<\/div><\/div>\n<\/div>\n<\/div>\n\n\n\n<div class=\"wp-block-column is-vertically-aligned-center is-layout-flow wp-block-column-is-layout-flow\">\n<p><strong><a href=\"https:\/\/www.ces-38.fr\">CES<\/a><\/strong><\/p>\n\n\n\n<p class=\"has-small-font-size\">CES nous accompagne avec son expertise en mat\u00e9riel de cuisine professionnelle pour faire de ce Grand Pique-Nique des Chefs un \u00e9v\u00e9nement exceptionnel !&nbsp; \ud83d\udc68\u200d\ud83c\udf73<\/p>\n\n\n\n<p class=\"has-small-font-size\"><a href=\"https:\/\/www.ces-38.fr\">\u2139\ufe0f&nbsp;<strong>Cuisine \u00c9quipement Service<\/strong><\/a><a href=\"https:\/\/www.instagram.com\/sparklingjosephine\/\">,<\/a> situ\u00e9e \u00e0 Eybens en Is\u00e8re, notre entreprise est sp\u00e9cialis\u00e9e dans l&rsquo;<strong>installation<\/strong>, la&nbsp;<strong>maintenance&nbsp;<\/strong>et la&nbsp;<strong>r\u00e9paration<\/strong>&nbsp;de&nbsp;<strong>tous types de mat\u00e9riels de cuisine professionnelle de collectivit\u00e9s<\/strong>, depuis 2003.<\/p>\n<\/div>\n<\/div>\n\n\n\n<hr class=\"wp-block-separator has-alpha-channel-opacity\"\/>\n\n\n\n<h3 class=\"wp-block-heading alignfull has-text-align-center\" style=\"text-transform:uppercase\">\ud83d\ude9b  PARTENAIRE technique  \ud83d\ude9b<\/h3>\n\n\n\n<hr class=\"wp-block-separator has-alpha-channel-opacity\"\/>\n\n\n\n<div class=\"wp-block-columns are-vertically-aligned-center is-layout-flex wp-container-core-columns-is-layout-9d6595d7 wp-block-columns-is-layout-flex\">\n<div class=\"wp-block-column is-vertically-aligned-center is-layout-flow wp-block-column-is-layout-flow\"><div class=\"wp-block-image\">\n<figure class=\"aligncenter size-full is-resized\"><a href=\"https:\/\/www.loca-reception.fr\"><img loading=\"lazy\" decoding=\"async\" width=\"150\" height=\"150\" src=\"https:\/\/piqueniquedeschefs.fr\/wp-content\/uploads\/2021\/05\/logo-loca-reception-grand-pique-nique-chefs.jpg\" alt=\"\" class=\"wp-image-484\" style=\"width:215px\"\/><\/a><\/figure>\n<\/div><\/div>\n\n\n\n<div class=\"wp-block-column is-vertically-aligned-center is-layout-flow wp-block-column-is-layout-flow\">\n<p><strong><a href=\"https:\/\/www.loca-reception.fr\">Loca R\u00e9ception<\/a><\/strong><\/p>\n\n\n\n<p class=\"has-small-font-size\">Loca R\u00e9ception nous permet chaque ann\u00e9e de b\u00e2tir la structure de l&rsquo;\u00e9v\u00e9nement. Gr\u00e2ce \u00e0 eux, nos chefs ont chacun un chapiteau pour les abriter du soleil ou parfois m\u00eame de la pluie ! <\/p>\n\n\n\n<p class=\"has-small-font-size\">\u2139\ufe0f Filiale \u00e9v\u00e9nementielle du Groupe Kiloutou depuis 2012, Loca R\u00e9ception propose un large choix de produits \u00e0 la location, son savoir-faire et ses comp\u00e9tences logistiques \u00e0 ses clients professionnels et particuliers.<\/p>\n<\/div>\n<\/div>\n\n\n\n<hr class=\"wp-block-separator has-alpha-channel-opacity\"\/>\n\n\n\n<h3 class=\"wp-block-heading alignfull has-text-align-center\" style=\"text-transform:uppercase\">\ud83e\udd1d  PARTENAIRE ASSOCI\u00c9  \ud83e\udd1d<\/h3>\n\n\n\n<hr class=\"wp-block-separator has-alpha-channel-opacity\"\/>\n\n\n\n<div class=\"wp-block-columns are-vertically-aligned-center is-layout-flex wp-container-core-columns-is-layout-9d6595d7 wp-block-columns-is-layout-flex\">\n<div class=\"wp-block-column is-vertically-aligned-center is-layout-flow wp-block-column-is-layout-flow\"><div class=\"wp-block-image\">\n<figure class=\"aligncenter size-full is-resized\"><a href=\"https:\/\/www.opinel.com\/fr\/\"><img loading=\"lazy\" decoding=\"async\" width=\"700\" height=\"467\" src=\"https:\/\/piqueniquedeschefs.fr\/wp-content\/uploads\/2025\/06\/opinel_logobleu.jpeg\" alt=\"\" class=\"wp-image-4039\" style=\"width:318px;height:213px\" srcset=\"https:\/\/piqueniquedeschefs.fr\/wp-content\/uploads\/2025\/06\/opinel_logobleu.jpeg 700w, https:\/\/piqueniquedeschefs.fr\/wp-content\/uploads\/2025\/06\/opinel_logobleu-300x200.jpeg 300w\" sizes=\"auto, (max-width: 700px) 100vw, 700px\" \/><\/a><\/figure>\n<\/div><\/div>\n\n\n\n<div class=\"wp-block-column is-vertically-aligned-center is-layout-flow wp-block-column-is-layout-flow\">\n<p><strong><a href=\"https:\/\/www.opinel.com\/fr\/\">OPINEL<\/a><\/strong><\/p>\n\n\n\n<p class=\"has-small-font-size\">OPINEL s&rsquo;associent au Grand Pique-Nique des Chefs, et qui de mieux qu&rsquo;eux pour repr\u00e9senter l&rsquo;esprit de l&rsquo;\u00e9v\u00e9nement ?? <\/p>\n\n\n\n<p class=\"has-small-font-size\">\u2139\ufe0f Depuis 1890, Opinel fa\u00e7onne des lames d\u2019une qualit\u00e9 irr\u00e9prochable, con\u00e7ues pour offrir un tranchant optimal et une r\u00e9sistance \u00e0 toute \u00e9preuve.<\/p>\n<\/div>\n<\/div>\n\n\n\n<hr class=\"wp-block-separator has-css-opacity is-style-default\"\/>\n\n\n\n<h2 class=\"wp-block-heading has-text-align-left\" style=\"text-transform:uppercase\">Vous souhaitez devenir partenaire ?  <\/h2>\n\n\n\n<p class=\"has-text-align-left\">\ud83d\ude0d Participez au <strong>rayonnement<\/strong> du Grand Pique-Nique des Chefs, l\u2019<strong>\u00e9v\u00e9nement culinaire de l\u2019ann\u00e9e sur le bassin grenoblois<\/strong> !<\/p>\n\n\n\n<div style=\"height:10px\" aria-hidden=\"true\" class=\"wp-block-spacer\"><\/div>\n\n\n\n<h2 class=\"wp-block-heading\">Offrez-vous une visibilit\u00e9 qualifi\u00e9e<\/h2>\n\n\n\n<div style=\"height:19px\" aria-hidden=\"true\" class=\"wp-block-spacer\"><\/div>\n\n\n\n<p>Lors de l\u2019\u00e9v\u00e9nement, aupr\u00e8s de plus de <strong>6 250 visiteurs is\u00e9rois<\/strong> :<\/p>\n\n\n\n<p><br> \u2022    Jeunes couples, familles et amateurs de gastronomie<br> \u2022    Professionnels des m\u00e9tiers de bouche <\/p>\n\n\n\n<p><br> \u00c0 travers notre campagne de communication avant, pendant et apr\u00e8s l\u2019\u00e9v\u00e9nement (site web, articles presse\/radio\/tv, r\u00e9seaux sociaux).<\/p>\n\n\n\n<div style=\"height:20px\" aria-hidden=\"true\" class=\"wp-block-spacer\"><\/div>\n\n\n\n<h2 class=\"wp-block-heading\">Rencontrez les chefs, artisans et producteurs<\/h2>\n\n\n\n<div style=\"height:12px\" aria-hidden=\"true\" class=\"wp-block-spacer\"><\/div>\n\n\n\n<p><strong>20 chefs is\u00e9rois <\/strong>et <strong>25 producteurs locaux <\/strong>seront pr\u00e9sents. L\u2019occasion de les rencontrer autrement, dans une <strong>ambiance conviviale<\/strong> et<strong> d\u00e9tendue<\/strong>. <\/p>\n\n\n\n<div style=\"height:20px\" aria-hidden=\"true\" class=\"wp-block-spacer\"><\/div>\n\n\n\n<h2 class=\"wp-block-heading\">Cr\u00e9ez du lien<\/h2>\n\n\n\n<div style=\"height:10px\" aria-hidden=\"true\" class=\"wp-block-spacer\"><\/div>\n\n\n\n<p>Avec l\u2019ensemble des parties prenantes de l\u2019\u00e9v\u00e9nement, avec ceux qui vous connaissent et ceux qui vous d\u00e9couvrent.<\/p>\n\n\n\n<p><br>Faites partie de ce rendez-vous reconnu et attendu, qui pourra mettre en lumi\u00e8re votre savoir-faire et vos offres !<\/p>\n\n\n\n<hr class=\"wp-block-separator has-css-opacity is-style-default\"\/>\n\n\n\n<div class=\"wp-block-buttons is-horizontal is-content-justification-center is-layout-flex wp-container-core-buttons-is-layout-499968f5 wp-block-buttons-is-layout-flex\">\n<div class=\"wp-block-button\"><a class=\"wp-block-button__link has-black-color has-text-color has-background wp-element-button\" href=\"https:\/\/piqueniquedeschefs.fr\/index.php\/contact\/\" style=\"background-color:#f7ec1d\"><strong>Je veux devenir partenaire !<\/strong><\/a><\/div>\n<\/div>\n","protected":false},"excerpt":{"rendered":"<p>Un grand merci \u00e0 nos partenaires de l&rsquo;\u00e9dition 2025 ! \ud83d\udcfb PARTENAIRE M\u00c9DIA \ud83d\udcfb Ch\u00e9rie FM Grenoble Ch\u00e9rie FM Grenoble s&rsquo;assure que vous ne passiez&hellip;<\/p>\n","protected":false},"author":1,"featured_media":0,"parent":0,"menu_order":0,"comment_status":"closed","ping_status":"closed","template":"","meta":{"footnotes":""},"class_list":["post-3908","page","type-page","status-publish","hentry"],"yoast_head":"<!-- This site is optimized with the Yoast SEO plugin v26.7 - https:\/\/yoast.com\/wordpress\/plugins\/seo\/ -->\n<title>Partenaires 2025 - Grand Pique-Nique des Chefs<\/title>\n<meta name=\"robots\" content=\"index, follow, max-snippet:-1, max-image-preview:large, max-video-preview:-1\" \/>\n<link rel=\"canonical\" href=\"https:\/\/piqueniquedeschefs.fr\/index.php\/partenaires-2025\/\" \/>\n<meta property=\"og:locale\" content=\"fr_FR\" \/>\n<meta property=\"og:type\" content=\"article\" \/>\n<meta property=\"og:title\" content=\"Partenaires 2025 - Grand Pique-Nique des Chefs\" \/>\n<meta property=\"og:description\" content=\"Un grand merci \u00e0 nos partenaires de l&rsquo;\u00e9dition 2025 ! \ud83d\udcfb PARTENAIRE M\u00c9DIA \ud83d\udcfb Ch\u00e9rie FM Grenoble Ch\u00e9rie FM Grenoble s&rsquo;assure que vous ne passiez&hellip;\" \/>\n<meta property=\"og:url\" content=\"https:\/\/piqueniquedeschefs.fr\/index.php\/partenaires-2025\/\" \/>\n<meta property=\"og:site_name\" content=\"Grand Pique-Nique des Chefs\" \/>\n<meta property=\"article:modified_time\" content=\"2026-01-30T15:28:44+00:00\" \/>\n<meta property=\"og:image\" content=\"http:\/\/piqueniquedeschefs.fr\/wp-content\/uploads\/2021\/06\/LOGO_CHERIE-FM_CMJN-1024x568.png\" \/>\n<meta name=\"twitter:card\" content=\"summary_large_image\" \/>\n<meta name=\"twitter:label1\" content=\"Dur\u00e9e de lecture estim\u00e9e\" \/>\n\t<meta name=\"twitter:data1\" content=\"5 minutes\" \/>\n<script type=\"application\/ld+json\" class=\"yoast-schema-graph\">{\"@context\":\"https:\/\/schema.org\",\"@graph\":[{\"@type\":\"WebPage\",\"@id\":\"https:\/\/piqueniquedeschefs.fr\/index.php\/partenaires-2025\/\",\"url\":\"https:\/\/piqueniquedeschefs.fr\/index.php\/partenaires-2025\/\",\"name\":\"Partenaires 2025 - Grand Pique-Nique des Chefs\",\"isPartOf\":{\"@id\":\"https:\/\/piqueniquedeschefs.fr\/#website\"},\"primaryImageOfPage\":{\"@id\":\"https:\/\/piqueniquedeschefs.fr\/index.php\/partenaires-2025\/#primaryimage\"},\"image\":{\"@id\":\"https:\/\/piqueniquedeschefs.fr\/index.php\/partenaires-2025\/#primaryimage\"},\"thumbnailUrl\":\"http:\/\/piqueniquedeschefs.fr\/wp-content\/uploads\/2021\/06\/LOGO_CHERIE-FM_CMJN-1024x568.png\",\"datePublished\":\"2025-05-27T14:22:34+00:00\",\"dateModified\":\"2026-01-30T15:28:44+00:00\",\"breadcrumb\":{\"@id\":\"https:\/\/piqueniquedeschefs.fr\/index.php\/partenaires-2025\/#breadcrumb\"},\"inLanguage\":\"fr-FR\",\"potentialAction\":[{\"@type\":\"ReadAction\",\"target\":[\"https:\/\/piqueniquedeschefs.fr\/index.php\/partenaires-2025\/\"]}]},{\"@type\":\"ImageObject\",\"inLanguage\":\"fr-FR\",\"@id\":\"https:\/\/piqueniquedeschefs.fr\/index.php\/partenaires-2025\/#primaryimage\",\"url\":\"https:\/\/piqueniquedeschefs.fr\/wp-content\/uploads\/2021\/06\/LOGO_CHERIE-FM_CMJN.png\",\"contentUrl\":\"https:\/\/piqueniquedeschefs.fr\/wp-content\/uploads\/2021\/06\/LOGO_CHERIE-FM_CMJN.png\",\"width\":1162,\"height\":644,\"caption\":\"LOGO_CHERIE FM_CMJN\"},{\"@type\":\"BreadcrumbList\",\"@id\":\"https:\/\/piqueniquedeschefs.fr\/index.php\/partenaires-2025\/#breadcrumb\",\"itemListElement\":[{\"@type\":\"ListItem\",\"position\":1,\"name\":\"Accueil\",\"item\":\"https:\/\/piqueniquedeschefs.fr\/\"},{\"@type\":\"ListItem\",\"position\":2,\"name\":\"Partenaires 2025\"}]},{\"@type\":\"WebSite\",\"@id\":\"https:\/\/piqueniquedeschefs.fr\/#website\",\"url\":\"https:\/\/piqueniquedeschefs.fr\/\",\"name\":\"Grand Pique-Nique des Chefs\",\"description\":\"Ev\u00e9nement culinaire\",\"publisher\":{\"@id\":\"https:\/\/piqueniquedeschefs.fr\/#organization\"},\"potentialAction\":[{\"@type\":\"SearchAction\",\"target\":{\"@type\":\"EntryPoint\",\"urlTemplate\":\"https:\/\/piqueniquedeschefs.fr\/?s={search_term_string}\"},\"query-input\":{\"@type\":\"PropertyValueSpecification\",\"valueRequired\":true,\"valueName\":\"search_term_string\"}}],\"inLanguage\":\"fr-FR\"},{\"@type\":\"Organization\",\"@id\":\"https:\/\/piqueniquedeschefs.fr\/#organization\",\"name\":\"Grand Pique-Nique des Chefs\",\"url\":\"https:\/\/piqueniquedeschefs.fr\/\",\"logo\":{\"@type\":\"ImageObject\",\"inLanguage\":\"fr-FR\",\"@id\":\"https:\/\/piqueniquedeschefs.fr\/#\/schema\/logo\/image\/\",\"url\":\"https:\/\/piqueniquedeschefs.fr\/wp-content\/uploads\/2020\/02\/cropped-logo-gpnc-2020.jpg\",\"contentUrl\":\"https:\/\/piqueniquedeschefs.fr\/wp-content\/uploads\/2020\/02\/cropped-logo-gpnc-2020.jpg\",\"width\":218,\"height\":136,\"caption\":\"Grand Pique-Nique des Chefs\"},\"image\":{\"@id\":\"https:\/\/piqueniquedeschefs.fr\/#\/schema\/logo\/image\/\"}}]}<\/script>\n<!-- \/ Yoast SEO plugin. -->","yoast_head_json":{"title":"Partenaires 2025 - Grand Pique-Nique des Chefs","robots":{"index":"index","follow":"follow","max-snippet":"max-snippet:-1","max-image-preview":"max-image-preview:large","max-video-preview":"max-video-preview:-1"},"canonical":"https:\/\/piqueniquedeschefs.fr\/index.php\/partenaires-2025\/","og_locale":"fr_FR","og_type":"article","og_title":"Partenaires 2025 - Grand Pique-Nique des Chefs","og_description":"Un grand merci \u00e0 nos partenaires de l&rsquo;\u00e9dition 2025 ! \ud83d\udcfb PARTENAIRE M\u00c9DIA \ud83d\udcfb Ch\u00e9rie FM Grenoble Ch\u00e9rie FM Grenoble s&rsquo;assure que vous ne passiez&hellip;","og_url":"https:\/\/piqueniquedeschefs.fr\/index.php\/partenaires-2025\/","og_site_name":"Grand Pique-Nique des Chefs","article_modified_time":"2026-01-30T15:28:44+00:00","og_image":[{"url":"http:\/\/piqueniquedeschefs.fr\/wp-content\/uploads\/2021\/06\/LOGO_CHERIE-FM_CMJN-1024x568.png","type":"","width":"","height":""}],"twitter_card":"summary_large_image","twitter_misc":{"Dur\u00e9e de lecture estim\u00e9e":"5 minutes"},"schema":{"@context":"https:\/\/schema.org","@graph":[{"@type":"WebPage","@id":"https:\/\/piqueniquedeschefs.fr\/index.php\/partenaires-2025\/","url":"https:\/\/piqueniquedeschefs.fr\/index.php\/partenaires-2025\/","name":"Partenaires 2025 - Grand Pique-Nique des Chefs","isPartOf":{"@id":"https:\/\/piqueniquedeschefs.fr\/#website"},"primaryImageOfPage":{"@id":"https:\/\/piqueniquedeschefs.fr\/index.php\/partenaires-2025\/#primaryimage"},"image":{"@id":"https:\/\/piqueniquedeschefs.fr\/index.php\/partenaires-2025\/#primaryimage"},"thumbnailUrl":"http:\/\/piqueniquedeschefs.fr\/wp-content\/uploads\/2021\/06\/LOGO_CHERIE-FM_CMJN-1024x568.png","datePublished":"2025-05-27T14:22:34+00:00","dateModified":"2026-01-30T15:28:44+00:00","breadcrumb":{"@id":"https:\/\/piqueniquedeschefs.fr\/index.php\/partenaires-2025\/#breadcrumb"},"inLanguage":"fr-FR","potentialAction":[{"@type":"ReadAction","target":["https:\/\/piqueniquedeschefs.fr\/index.php\/partenaires-2025\/"]}]},{"@type":"ImageObject","inLanguage":"fr-FR","@id":"https:\/\/piqueniquedeschefs.fr\/index.php\/partenaires-2025\/#primaryimage","url":"https:\/\/piqueniquedeschefs.fr\/wp-content\/uploads\/2021\/06\/LOGO_CHERIE-FM_CMJN.png","contentUrl":"https:\/\/piqueniquedeschefs.fr\/wp-content\/uploads\/2021\/06\/LOGO_CHERIE-FM_CMJN.png","width":1162,"height":644,"caption":"LOGO_CHERIE FM_CMJN"},{"@type":"BreadcrumbList","@id":"https:\/\/piqueniquedeschefs.fr\/index.php\/partenaires-2025\/#breadcrumb","itemListElement":[{"@type":"ListItem","position":1,"name":"Accueil","item":"https:\/\/piqueniquedeschefs.fr\/"},{"@type":"ListItem","position":2,"name":"Partenaires 2025"}]},{"@type":"WebSite","@id":"https:\/\/piqueniquedeschefs.fr\/#website","url":"https:\/\/piqueniquedeschefs.fr\/","name":"Grand Pique-Nique des Chefs","description":"Ev\u00e9nement culinaire","publisher":{"@id":"https:\/\/piqueniquedeschefs.fr\/#organization"},"potentialAction":[{"@type":"SearchAction","target":{"@type":"EntryPoint","urlTemplate":"https:\/\/piqueniquedeschefs.fr\/?s={search_term_string}"},"query-input":{"@type":"PropertyValueSpecification","valueRequired":true,"valueName":"search_term_string"}}],"inLanguage":"fr-FR"},{"@type":"Organization","@id":"https:\/\/piqueniquedeschefs.fr\/#organization","name":"Grand Pique-Nique des Chefs","url":"https:\/\/piqueniquedeschefs.fr\/","logo":{"@type":"ImageObject","inLanguage":"fr-FR","@id":"https:\/\/piqueniquedeschefs.fr\/#\/schema\/logo\/image\/","url":"https:\/\/piqueniquedeschefs.fr\/wp-content\/uploads\/2020\/02\/cropped-logo-gpnc-2020.jpg","contentUrl":"https:\/\/piqueniquedeschefs.fr\/wp-content\/uploads\/2020\/02\/cropped-logo-gpnc-2020.jpg","width":218,"height":136,"caption":"Grand Pique-Nique des Chefs"},"image":{"@id":"https:\/\/piqueniquedeschefs.fr\/#\/schema\/logo\/image\/"}}]}},"_links":{"self":[{"href":"https:\/\/piqueniquedeschefs.fr\/index.php\/wp-json\/wp\/v2\/pages\/3908","targetHints":{"allow":["GET"]}}],"collection":[{"href":"https:\/\/piqueniquedeschefs.fr\/index.php\/wp-json\/wp\/v2\/pages"}],"about":[{"href":"https:\/\/piqueniquedeschefs.fr\/index.php\/wp-json\/wp\/v2\/types\/page"}],"author":[{"embeddable":true,"href":"https:\/\/piqueniquedeschefs.fr\/index.php\/wp-json\/wp\/v2\/users\/1"}],"replies":[{"embeddable":true,"href":"https:\/\/piqueniquedeschefs.fr\/index.php\/wp-json\/wp\/v2\/comments?post=3908"}],"version-history":[{"count":15,"href":"https:\/\/piqueniquedeschefs.fr\/index.php\/wp-json\/wp\/v2\/pages\/3908\/revisions"}],"predecessor-version":[{"id":4176,"href":"https:\/\/piqueniquedeschefs.fr\/index.php\/wp-json\/wp\/v2\/pages\/3908\/revisions\/4176"}],"wp:attachment":[{"href":"https:\/\/piqueniquedeschefs.fr\/index.php\/wp-json\/wp\/v2\/media?parent=3908"}],"curies":[{"name":"wp","href":"https:\/\/api.w.org\/{rel}","templated":true}]}}