{"id":4136,"date":"2026-01-30T15:30:46","date_gmt":"2026-01-30T14:30:46","guid":{"rendered":"https:\/\/piqueniquedeschefs.fr\/?page_id=4136"},"modified":"2026-05-12T13:32:38","modified_gmt":"2026-05-12T11:32:38","slug":"infos-pratiques-2026","status":"publish","type":"page","link":"https:\/\/piqueniquedeschefs.fr\/index.php\/infos-pratiques-2026\/","title":{"rendered":"Infos pratiques 2026"},"content":{"rendered":"\n<div style=\"height:20px\" aria-hidden=\"true\" class=\"wp-block-spacer\"><\/div>\n\n\n\n<h2 class=\"wp-block-heading\" style=\"text-transform:uppercase\">O\u00f9 &amp; quand ?<\/h2>\n\n\n\n<p><strong>Date :<\/strong> dimanche 5 juillet 2026<\/p>\n\n\n\n<p><strong>Horaires de l&rsquo;\u00e9v\u00e9nement :  <\/strong>11h30 &#8211; 17h30<\/p>\n\n\n\n<p><strong>Lieu : <\/strong><a href=\"https:\/\/www.google.com\/maps\/place\/Domaine+de+Vizille+-+Mus\u00e9e+de+la+R\u00e9volution+fran\u00e7aise\/@45.0752237,5.7702349,17z\/data=!3m1!4b1!4m6!3m5!1s0x478a89fcfc0dcb49:0x3e5a0a6a8288b873!8m2!3d45.0752199!4d5.7728098!16s%2Fm%2F0gmdv_q?entry=ttu&amp;g_ep=EgoyMDI1MDUwMy4wIKXMDSoASAFQAw%3D%3D\" target=\"_blank\" rel=\"noreferrer noopener\">Parc du Domaine de Vizille &#8211; Mus\u00e9e de la R\u00e9volution fran\u00e7aise<\/a> (38220)<\/p>\n\n\n\n<div class=\"wp-block-columns is-layout-flex wp-container-core-columns-is-layout-9d6595d7 wp-block-columns-is-layout-flex\">\n<div class=\"wp-block-column is-vertically-aligned-center is-layout-flow wp-block-column-is-layout-flow\"><div class=\"wp-block-image\">\n<figure class=\"aligncenter size-full\"><img loading=\"lazy\" decoding=\"async\" width=\"2560\" height=\"1707\" src=\"https:\/\/piqueniquedeschefs.fr\/wp-content\/uploads\/2025\/05\/\u00a9Domaine-de-Vizille-Departement-de-lIsere_F.Pattou-129-25-scaled.jpg\" alt=\"\" class=\"wp-image-3783\" srcset=\"https:\/\/piqueniquedeschefs.fr\/wp-content\/uploads\/2025\/05\/\u00a9Domaine-de-Vizille-Departement-de-lIsere_F.Pattou-129-25-scaled.jpg 2560w, https:\/\/piqueniquedeschefs.fr\/wp-content\/uploads\/2025\/05\/\u00a9Domaine-de-Vizille-Departement-de-lIsere_F.Pattou-129-25-300x200.jpg 300w, https:\/\/piqueniquedeschefs.fr\/wp-content\/uploads\/2025\/05\/\u00a9Domaine-de-Vizille-Departement-de-lIsere_F.Pattou-129-25-1024x683.jpg 1024w, https:\/\/piqueniquedeschefs.fr\/wp-content\/uploads\/2025\/05\/\u00a9Domaine-de-Vizille-Departement-de-lIsere_F.Pattou-129-25-768x512.jpg 768w, https:\/\/piqueniquedeschefs.fr\/wp-content\/uploads\/2025\/05\/\u00a9Domaine-de-Vizille-Departement-de-lIsere_F.Pattou-129-25-1536x1024.jpg 1536w, https:\/\/piqueniquedeschefs.fr\/wp-content\/uploads\/2025\/05\/\u00a9Domaine-de-Vizille-Departement-de-lIsere_F.Pattou-129-25-2048x1365.jpg 2048w\" sizes=\"auto, (max-width: 2560px) 100vw, 2560px\" \/><\/figure>\n<\/div><\/div>\n\n\n\n<div class=\"wp-block-column is-layout-flow wp-block-column-is-layout-flow\">\n<blockquote class=\"wp-block-quote is-style-default is-layout-flow wp-block-quote-is-layout-flow\" style=\"font-size:15px\">\n<p>Envie de nature, envie de culture\u2026<\/p>\n\n\n\n<p>Le Domaine de Vizille-Mus\u00e9e de la R\u00e9volution fran\u00e7aise est une propri\u00e9t\u00e9 du D\u00e9partement de l\u2019Is\u00e8re et fait partie du r\u00e9seau des 11 mus\u00e9es d\u00e9partementaux dont l\u2019entr\u00e9e est gratuite.<\/p>\n\n\n\n<p>Au c\u0153ur des Alpes, id\u00e9alement situ\u00e9 au pied des massifs de Belledonne et de l\u2019Oisans, le Domaine d\u00e9partemental de Vizille constitue un espace d\u00e9di\u00e9 \u00e0 la connaissance et au bien-\u00eatre, v\u00e9ritable \u00e9crin de nature domin\u00e9 par un ch\u00e2teau majestueux qui abrite le Mus\u00e9e R\u00e9volution fran\u00e7aise.<\/p>\n\n\n\n<p>Site le plus fr\u00e9quent\u00e9 du patrimoine is\u00e9rois, le domaine est le t\u00e9moignage de quatre si\u00e8cles d\u2019histoire.<\/p>\n<\/blockquote>\n<\/div>\n<\/div>\n\n\n\n<div style=\"height:10px\" aria-hidden=\"true\" class=\"wp-block-spacer\"><\/div>\n\n\n\n<h3 class=\"wp-block-heading\">\u2139\ufe0f \u00c0 noter pour profiter d&rsquo;une belle journ\u00e9e :<\/h3>\n\n\n\n<p>Nos amis les animaux ne sont malheureusement pas autoris\u00e9s dans l\u2019enceinte du Parc, \u00e0 l&rsquo;exception des chiens guides, afin de garantir la s\u00e9curit\u00e9 et le confort de tous les visiteurs.<br>Merci de votre compr\u00e9hension ! \ud83d\ude09<\/p>\n\n\n\n<p>\u26a0\ufe0f Il est interdit de fumer dans l&rsquo;enceinte du parc.<\/p>\n\n\n\n<hr class=\"wp-block-separator has-text-color has-css-opacity has-background is-style-wide\" style=\"background-color:#fef31f;color:#fef31f\"\/>\n\n\n\n<h2 class=\"wp-block-heading\" style=\"text-transform:uppercase\">InfoRMATIONS ESSENTIELLES sur la r\u00e9cup\u00e9ration des plats<\/h2>\n\n\n\n<div style=\"height:20px\" aria-hidden=\"true\" class=\"wp-block-spacer\"><\/div>\n\n\n\n<p><strong>Horaires de service : <\/strong>R\u00e9cup\u00e9rez vos plats entre <strong>11h30 et 15h00<\/strong><\/p>\n\n\n\n<p><strong>Lieu du service :<\/strong> En plein coeur du \u00ab\u00a0Chapiteau des Chefs\u00a0\u00bb dans le Parc !<\/p>\n\n\n\n<div style=\"height:20px\" aria-hidden=\"true\" class=\"wp-block-spacer\"><\/div>\n\n\n\n<h3 class=\"wp-block-heading\">\u2139\ufe0f \u00c0 noter pour les plus gourmands d&rsquo;entre vous :<\/h3>\n\n\n\n<p>Le nombre de plats \u00e9tant <strong>limit\u00e9<\/strong>, certains peuvent ne plus \u00eatre disponibles \u00e0 l\u2019achat sur place une fois \u00e9puis\u00e9s.<br>Pour \u00eatre certain d\u2019en profiter, nous vous invitons \u00e0 les r\u00e9server en ligne, <em><a data-type=\"URL\" data-id=\"https:\/\/piqueniquedeschefs.fr\/index.php\/billetterie\/\" href=\"https:\/\/piqueniquedeschefs.fr\/index.php\/billetterie\/\" target=\"_blank\" rel=\"noreferrer noopener\">juste ici<\/a><\/em><\/p>\n\n\n\n<p>Chaque achat d\u00e9clenche automatiquement sa mise en traitement et engage des frais de dossier : en cas d\u2019annulation jusqu&rsquo;\u00e0 15 jours avant l&rsquo;\u00e9v\u00e9nement (\u00e0 15 jours de l&rsquo;\u00e9v\u00e9nement, l&rsquo;annulation est impossible), ces frais de 50 % du montant du billet resteront applicables. <br>Merci pour votre compr\u00e9hension.<\/p>\n\n\n\n<div style=\"height:20px\" aria-hidden=\"true\" class=\"wp-block-spacer\"><\/div>\n\n\n\n<div class=\"wp-block-buttons has-custom-font-size has-small-font-size is-layout-flex wp-block-buttons-is-layout-flex\">\n<div class=\"wp-block-button\"><a class=\"wp-block-button__link wp-element-button\" href=\"https:\/\/piqueniquedeschefs.fr\/index.php\/plats-2026\/\">D\u00e9couvrir les plats<\/a><\/div>\n<\/div>\n\n\n\n<hr class=\"wp-block-separator has-text-color has-css-opacity has-background is-style-wide\" style=\"background-color:#fef31f;color:#fef31f\"\/>\n\n\n\n<h2 class=\"wp-block-heading\" style=\"text-transform:uppercase\">Comment se rendre au Grand Pique-Nique des Chefs ?<\/h2>\n\n\n\n<div style=\"height:35px\" aria-hidden=\"true\" class=\"wp-block-spacer\"><\/div>\n\n\n\n<h3 class=\"wp-block-heading\" style=\"text-transform:uppercase\">\ud83d\ude97 Si vous vous d\u00e9placez en voiture :<\/h3>\n\n\n\n<div style=\"height:20px\" aria-hidden=\"true\" class=\"wp-block-spacer\"><\/div>\n\n\n\n<h4 class=\"wp-block-heading\"><strong>Vous pouvez vous garer aux parkings mentionn\u00e9s ci-dessous :<\/strong><\/h4>\n\n\n\n<div style=\"height:20px\" aria-hidden=\"true\" class=\"wp-block-spacer\"><\/div>\n\n\n\n<p><a href=\"https:\/\/www.google.com\/maps\/place\/Parking+Le+Ch\u00e2teau\/@45.0744158,5.7690069,17.02z\/data=!4m17!1m9!2m8!1sparking!3m6!1sparking!2sDomaine+de+Vizille+-+Mus\u00e9e+de+la+R\u00e9volution+fran\u00e7aise,+Pl.+du+Ch\u00e2teau,+38220+Vizille!3s0x478a89fcfc0dcb49:0x3e5a0a6a8288b873!4m2!1d5.7728098!2d45.0752199!3m6!1s0x478a620088bf6043:0xccc99246a8c638f3!8m2!3d45.0743171!4d5.7725462!15sCgdwYXJraW5nkgELcGFya2luZ19sb3SqATsQASoLIgdwYXJraW5nKAQyHRABIhkFMkavGFkWxi2gMh-ARNGIY1as5aWEjsRhMgsQAiIHcGFya2luZ-ABAA!16s%2Fg%2F11bztb81wy?entry=ttu&amp;g_ep=EgoyMDI1MDUwMy4wIKXMDSoASAFQAw%3D%3D\" target=\"_blank\" rel=\"noreferrer noopener\">\ud83d\udc49Parking le Ch\u00e2teau &#8211; Rue Emile Cros, 38220 Vizille<\/a><\/p>\n\n\n\n<p><a href=\"https:\/\/www.google.com\/maps\/place\/Parking+La+Locomotive\/@45.0744158,5.7690069,17.02z\/data=!4m17!1m9!2m8!1sparking!3m6!1sparking!2sDomaine+de+Vizille+-+Mus\u00e9e+de+la+R\u00e9volution+fran\u00e7aise,+Pl.+du+Ch\u00e2teau,+38220+Vizille!3s0x478a89fcfc0dcb49:0x3e5a0a6a8288b873!4m2!1d5.7728098!2d45.0752199!3m6!1s0x478a63000a371437:0x3f429df5bb92870d!8m2!3d45.0757763!4d5.7760074!15sCgdwYXJraW5nkgEQZnJlZV9wYXJraW5nX2xvdKoBOxABKgsiB3BhcmtpbmcoBDIdEAEiGQUyRq8YWRbGLaAyH4BE0YhjVqzlpYSOxGEyCxACIgdwYXJraW5n4AEA!16s%2Fg%2F11vwrmpztm?entry=ttu&amp;g_ep=EgoyMDI1MDUwMy4wIKXMDSoASAFQAw%3D%3D\" target=\"_blank\" rel=\"noreferrer noopener\">\ud83d\udc49Parking Centre des congr\u00e8s La Locomotive sur la D524 &#8211; 261 Rte d&rsquo;Uriage, 38220 Vizille<\/a><\/p>\n\n\n\n<p><a href=\"https:\/\/www.google.com\/maps\/place\/Parking+G\u00e9n\u00e9ral+de+Gaulle\/@45.0769452,5.7667011,17z\/data=!4m17!1m9!2m8!1sparking!3m6!1sparking!2sDomaine+de+Vizille+-+Mus\u00e9e+de+la+R\u00e9volution+fran\u00e7aise,+Pl.+du+Ch\u00e2teau,+38220+Vizille!3s0x478a89fcfc0dcb49:0x3e5a0a6a8288b873!4m2!1d5.7728098!2d45.0752199!3m6!1s0x478a8a0016d18edf:0x9b0dbb1fd6dfa72a!8m2!3d45.0792203!4d5.7734122!15sCgdwYXJraW5nkgELcGFya2luZ19sb3SqATsQASoLIgdwYXJraW5nKAQyHRABIhkFMkavGFkWxi2gMh-ARNGIY1as5aWEjsRhMgsQAiIHcGFya2luZ-ABAA!16s%2Fg%2F11c0rmgqj4?entry=ttu&amp;g_ep=EgoyMDI1MDUwMy4wIKXMDSoASAFQAw%3D%3D\" target=\"_blank\" rel=\"noreferrer noopener\">\ud83d\udc49Parking G\u00e9n\u00e9ral de Gaulle &#8211; Pl. Henri Barbusse, 38220 Vizille (\u00e0 7 min \u00e0 pied du ch\u00e2teau)<\/a><\/p>\n\n\n\n<p><a href=\"https:\/\/www.google.com\/maps\/place\/Parking+num\u00e9ro+2\/@45.0769452,5.7667011,17z\/data=!4m17!1m9!2m8!1sparking!3m6!1sparking!2sDomaine+de+Vizille+-+Mus\u00e9e+de+la+R\u00e9volution+fran\u00e7aise,+Pl.+du+Ch\u00e2teau,+38220+Vizille!3s0x478a89fcfc0dcb49:0x3e5a0a6a8288b873!4m2!1d5.7728098!2d45.0752199!3m6!1s0x478a89ff063fe427:0x25168fa11b5dad13!8m2!3d45.0769452!4d5.7714647!15sCgdwYXJraW5nkgEQZnJlZV9wYXJraW5nX2xvdKoBOxABKgsiB3BhcmtpbmcoBDIdEAEiGQUyRq8YWRbGLaAyH4BE0YhjVqzlpYSOxGEyCxACIgdwYXJraW5n4AEA!16s%2Fg%2F1z44bd4vf?entry=ttu&amp;g_ep=EgoyMDI1MDUwMy4wIKXMDSoASAFQAw%3D%3D\">\ud83d\udc49Parking Num\u00e9ro 2, rue de la R\u00e9publique, 38220 Vizille (\u00e0 5 <\/a><a href=\"https:\/\/www.google.com\/maps\/place\/Parking+num\u00e9ro+2\/@45.0769452,5.7667011,17z\/data=!4m17!1m9!2m8!1sparking!3m6!1sparking!2sDomaine+de+Vizille+-+Mus\u00e9e+de+la+R\u00e9volution+fran\u00e7aise,+Pl.+du+Ch\u00e2teau,+38220+Vizille!3s0x478a89fcfc0dcb49:0x3e5a0a6a8288b873!4m2!1d5.7728098!2d45.0752199!3m6!1s0x478a89ff063fe427:0x25168fa11b5dad13!8m2!3d45.0769452!4d5.7714647!15sCgdwYXJraW5nkgEQZnJlZV9wYXJraW5nX2xvdKoBOxABKgsiB3BhcmtpbmcoBDIdEAEiGQUyRq8YWRbGLaAyH4BE0YhjVqzlpYSOxGEyCxACIgdwYXJraW5n4AEA!16s%2Fg%2F1z44bd4vf?entry=ttu&amp;g_ep=EgoyMDI1MDUwMy4wIKXMDSoASAFQAw%3D%3D\" target=\"_blank\" rel=\"noreferrer noopener\">m<\/a><a href=\"https:\/\/www.google.com\/maps\/place\/Parking+num\u00e9ro+2\/@45.0769452,5.7667011,17z\/data=!4m17!1m9!2m8!1sparking!3m6!1sparking!2sDomaine+de+Vizille+-+Mus\u00e9e+de+la+R\u00e9volution+fran\u00e7aise,+Pl.+du+Ch\u00e2teau,+38220+Vizille!3s0x478a89fcfc0dcb49:0x3e5a0a6a8288b873!4m2!1d5.7728098!2d45.0752199!3m6!1s0x478a89ff063fe427:0x25168fa11b5dad13!8m2!3d45.0769452!4d5.7714647!15sCgdwYXJraW5nkgEQZnJlZV9wYXJraW5nX2xvdKoBOxABKgsiB3BhcmtpbmcoBDIdEAEiGQUyRq8YWRbGLaAyH4BE0YhjVqzlpYSOxGEyCxACIgdwYXJraW5n4AEA!16s%2Fg%2F1z44bd4vf?entry=ttu&amp;g_ep=EgoyMDI1MDUwMy4wIKXMDSoASAFQAw%3D%3D\">in \u00e0 pied du ch\u00e2teau)<\/a><\/p>\n\n\n\n<p><a href=\"https:\/\/www.google.com\/maps\/place\/Parkplatz\/@45.0751254,5.7637872,17z\/data=!4m17!1m9!2m8!1sparking!3m6!1sparking!2sDomaine+de+Vizille+-+Mus\u00e9e+de+la+R\u00e9volution+fran\u00e7aise,+Pl.+du+Ch\u00e2teau,+38220+Vizille!3s0x478a89fcfc0dcb49:0x3e5a0a6a8288b873!4m2!1d5.7728098!2d45.0752199!3m6!1s0x478a89994e97ebd9:0xc1148d74b7d31d4e!8m2!3d45.0751254!4d5.7685508!15sCgdwYXJraW5nkgELcGFya2luZ19sb3SqATsQASoLIgdwYXJraW5nKAQyHRABIhkFMkavGFkWxi2gMh-ARNGIY1as5aWEjsRhMgsQAiIHcGFya2luZ-ABAA!16s%2Fg%2F11tf6vgdg1?entry=ttu&amp;g_ep=EgoyMDI1MDUwMy4wIKXMDSoASAFQAw%3D%3D\" target=\"_blank\" rel=\"noreferrer noopener\">\ud83d\udc49Parkplatz &#8211; 152 rue calmette, 38220 Vizille (\u00e0 5 min \u00e0 pied du ch\u00e2teau)<\/a><\/p>\n\n\n\n<p><a href=\"https:\/\/www.google.com\/maps\/place\/M-TAG+Parking+Relais+Vizille+Chantefeuille\/@45.0805651,5.7695174,17z\/data=!4m17!1m9!2m8!1sparking!3m6!1sparking!2sDomaine+de+Vizille+-+Mus\u00e9e+de+la+R\u00e9volution+fran\u00e7aise,+Pl.+du+Ch\u00e2teau,+38220+Vizille!3s0x478a89fcfc0dcb49:0x3e5a0a6a8288b873!4m2!1d5.7728098!2d45.0752199!3m6!1s0x478a8ba6fd2f596f:0x4fe631c2956a1b05!8m2!3d45.0805651!4d5.774281!15sCgdwYXJraW5nkgELcGFya2luZ19sb3SqATsQASoLIgdwYXJraW5nKAQyHRABIhkFMkavGFkWxi2gMh-ARNGIY1as5aWEjsRhMgsQAiIHcGFya2luZ-ABAA!16s%2Fg%2F11jrg2vyhm?entry=ttu&amp;g_ep=EgoyMDI1MDUwMy4wIKXMDSoASAFQAw%3D%3D\" target=\"_blank\" rel=\"noreferrer noopener\">\ud83d\udc49Parking Relais M-TAG Vizille Chantefeuille &#8211; Av. Maurice Thorez, 38220 Vizille (\u00e0 10 min \u00e0 pied du ch\u00e2teau)<\/a><\/p>\n\n\n\n<div style=\"height:30px\" aria-hidden=\"true\" class=\"wp-block-spacer\"><\/div>\n\n\n\n<h3 class=\"wp-block-heading\" style=\"text-transform:uppercase\">\ud83d\ude83 Si vous vous d\u00e9placez en transport en commun :<\/h3>\n\n\n\n<div style=\"height:20px\" aria-hidden=\"true\" class=\"wp-block-spacer\"><\/div>\n\n\n\n<p>Prenez la ligne&nbsp;<a href=\"https:\/\/carsisere.auvergnerhonealpes.fr\/fr\/horaires-de-ligne\/6\/RouteSchedules\/searchlines?KeywordsLine=X03+EXPRESS+VIZILLE-GRENOBLE&amp;LineId=2275\" target=\"_blank\" rel=\"noreferrer noopener\">C13 Grenoble &#8211; Vizille<\/a>&nbsp;ou&nbsp;la ligne&nbsp;<a href=\"https:\/\/carsisere.auvergnerhonealpes.fr\/fr\/horaires-de-ligne\/6\/RouteSchedules\/searchlines?KeywordsLine=T75+BOURG+D%27OISANS-VIZILLE-GRENOBLE&amp;LineId=2266\" target=\"_blank\" rel=\"noreferrer noopener\">T75 Grenoble &#8211; Vizille &#8211; Le Bourg-d&rsquo;Oisans<\/a>&nbsp;ou&nbsp;la ligne&nbsp;<a href=\"https:\/\/carsisere.auvergnerhonealpes.fr\/fr\/horaires-de-ligne\/6\/RouteSchedules\/searchlines?KeywordsLine=T90+CORPS-LA+MURE-GRENOBLE&amp;LineId=2265\" target=\"_blank\" rel=\"noreferrer noopener\">T90 Grenoble &#8211; La Mure &#8211; Corps<\/a>,&nbsp;<a href=\"https:\/\/carsisere.auvergnerhonealpes.fr\/fr\/horaires-de-ligne\/6\/RouteSchedules\/searchlines?KeywordsLine=T91+GRENOBLE-GAP&amp;LineId=2268\" target=\"_blank\" rel=\"noreferrer noopener\">T91 Gap &#8211; Grenoble<\/a>&nbsp;et descendez \u00e0 l\u2019arr\u00eat \u00ab&nbsp;Chantefeuille<em>&nbsp;\u00bb<\/em>&nbsp;\u00e0 Vizille.<br>Toutes les informations sur&nbsp;<a href=\"https:\/\/carsisere.auvergnerhonealpes.fr\/\" target=\"_blank\" rel=\"noreferrer noopener\">cars R\u00e9gion<\/a>.<\/p>\n\n\n\n<p><\/p>\n\n\n\n<p>Prenez la ligne&nbsp;<a href=\"https:\/\/www.tag.fr\/61-lignes.htm\" target=\"_blank\" rel=\"noreferrer noopener\">23 Vizille Le P\u00e9age &#8211; Biblioth\u00e8ques universitaires Saint-Martin d&rsquo;H\u00e8res<\/a>&nbsp;ou&nbsp;la ligne&nbsp;<a href=\"https:\/\/www.tag.fr\/61-lignes.htm\" target=\"_blank\" rel=\"noreferrer noopener\">65 Vizille Le P\u00e9age &#8211; Grand&rsquo;Place Grenoble<\/a>&nbsp;et descendez \u00e0 l&rsquo;arr\u00eat&nbsp;\u00ab&nbsp;Place du ch\u00e2teau<em>&nbsp;\u00bb<\/em>&nbsp;\u00e0 Vizille.<br>Toutes les informations sur&nbsp;<a href=\"https:\/\/www.tag.fr\/\" target=\"_blank\" rel=\"noreferrer noopener\">M-Tag<\/a>.<\/p>\n\n\n\n<div class=\"wp-block-columns is-layout-flex wp-container-core-columns-is-layout-9d6595d7 wp-block-columns-is-layout-flex\">\n<div class=\"wp-block-column is-layout-flow wp-block-column-is-layout-flow\">\n<iframe src=\"https:\/\/www.google.com\/maps\/embed?pb=!1m18!1m12!1m3!1d2817.521168396291!2d5.7702348759259365!3d45.075223659308264!2m3!1f0!2f0!3f0!3m2!1i1024!2i768!4f13.1!3m3!1m2!1s0x478a89fcfc0dcb49%3A0x3e5a0a6a8288b873!2sDomaine%20de%20Vizille%20-%20Mus%C3%A9e%20de%20la%20R%C3%A9volution%20fran%C3%A7aise!5e0!3m2!1sfr!2sfr!4v1746625931318!5m2!1sfr!2sfr\" width=\"600\" height=\"450\" style=\"border:0;\" allowfullscreen=\"\" loading=\"lazy\" referrerpolicy=\"no-referrer-when-downgrade\"><\/iframe>\n<\/div>\n<\/div>\n\n\n\n<p><\/p>\n","protected":false},"excerpt":{"rendered":"<p>O\u00f9 &amp; quand ? Date : dimanche 5 juillet 2026 Horaires de l&rsquo;\u00e9v\u00e9nement : 11h30 &#8211; 17h30 Lieu : Parc du Domaine de Vizille &#8211;&hellip;<\/p>\n","protected":false},"author":5,"featured_media":0,"parent":0,"menu_order":0,"comment_status":"closed","ping_status":"closed","template":"","meta":{"footnotes":""},"class_list":["post-4136","page","type-page","status-publish","hentry"],"yoast_head":"<!-- This site is optimized with the Yoast SEO plugin v26.7 - https:\/\/yoast.com\/wordpress\/plugins\/seo\/ -->\n<title>Infos pratiques 2026 - Grand Pique-Nique des Chefs<\/title>\n<meta name=\"robots\" content=\"index, follow, max-snippet:-1, max-image-preview:large, max-video-preview:-1\" \/>\n<link rel=\"canonical\" href=\"https:\/\/piqueniquedeschefs.fr\/index.php\/infos-pratiques-2026\/\" \/>\n<meta property=\"og:locale\" content=\"fr_FR\" \/>\n<meta property=\"og:type\" content=\"article\" \/>\n<meta property=\"og:title\" content=\"Infos pratiques 2026 - Grand Pique-Nique des Chefs\" \/>\n<meta property=\"og:description\" content=\"O\u00f9 &amp; quand ? Date : dimanche 5 juillet 2026 Horaires de l&rsquo;\u00e9v\u00e9nement : 11h30 &#8211; 17h30 Lieu : Parc du Domaine de Vizille &#8211;&hellip;\" \/>\n<meta property=\"og:url\" content=\"https:\/\/piqueniquedeschefs.fr\/index.php\/infos-pratiques-2026\/\" \/>\n<meta property=\"og:site_name\" content=\"Grand Pique-Nique des Chefs\" \/>\n<meta property=\"article:modified_time\" content=\"2026-05-12T11:32:38+00:00\" \/>\n<meta name=\"twitter:card\" content=\"summary_large_image\" \/>\n<meta name=\"twitter:label1\" content=\"Dur\u00e9e de lecture estim\u00e9e\" \/>\n\t<meta name=\"twitter:data1\" content=\"3 minutes\" \/>\n<script type=\"application\/ld+json\" class=\"yoast-schema-graph\">{\"@context\":\"https:\/\/schema.org\",\"@graph\":[{\"@type\":\"WebPage\",\"@id\":\"https:\/\/piqueniquedeschefs.fr\/index.php\/infos-pratiques-2026\/\",\"url\":\"https:\/\/piqueniquedeschefs.fr\/index.php\/infos-pratiques-2026\/\",\"name\":\"Infos pratiques 2026 - Grand Pique-Nique des Chefs\",\"isPartOf\":{\"@id\":\"https:\/\/piqueniquedeschefs.fr\/#website\"},\"datePublished\":\"2026-01-30T14:30:46+00:00\",\"dateModified\":\"2026-05-12T11:32:38+00:00\",\"breadcrumb\":{\"@id\":\"https:\/\/piqueniquedeschefs.fr\/index.php\/infos-pratiques-2026\/#breadcrumb\"},\"inLanguage\":\"fr-FR\",\"potentialAction\":[{\"@type\":\"ReadAction\",\"target\":[\"https:\/\/piqueniquedeschefs.fr\/index.php\/infos-pratiques-2026\/\"]}]},{\"@type\":\"BreadcrumbList\",\"@id\":\"https:\/\/piqueniquedeschefs.fr\/index.php\/infos-pratiques-2026\/#breadcrumb\",\"itemListElement\":[{\"@type\":\"ListItem\",\"position\":1,\"name\":\"Accueil\",\"item\":\"https:\/\/piqueniquedeschefs.fr\/\"},{\"@type\":\"ListItem\",\"position\":2,\"name\":\"Infos pratiques 2026\"}]},{\"@type\":\"WebSite\",\"@id\":\"https:\/\/piqueniquedeschefs.fr\/#website\",\"url\":\"https:\/\/piqueniquedeschefs.fr\/\",\"name\":\"Grand Pique-Nique des Chefs\",\"description\":\"Ev\u00e9nement culinaire\",\"publisher\":{\"@id\":\"https:\/\/piqueniquedeschefs.fr\/#organization\"},\"potentialAction\":[{\"@type\":\"SearchAction\",\"target\":{\"@type\":\"EntryPoint\",\"urlTemplate\":\"https:\/\/piqueniquedeschefs.fr\/?s={search_term_string}\"},\"query-input\":{\"@type\":\"PropertyValueSpecification\",\"valueRequired\":true,\"valueName\":\"search_term_string\"}}],\"inLanguage\":\"fr-FR\"},{\"@type\":\"Organization\",\"@id\":\"https:\/\/piqueniquedeschefs.fr\/#organization\",\"name\":\"Grand Pique-Nique des Chefs\",\"url\":\"https:\/\/piqueniquedeschefs.fr\/\",\"logo\":{\"@type\":\"ImageObject\",\"inLanguage\":\"fr-FR\",\"@id\":\"https:\/\/piqueniquedeschefs.fr\/#\/schema\/logo\/image\/\",\"url\":\"https:\/\/piqueniquedeschefs.fr\/wp-content\/uploads\/2020\/02\/cropped-logo-gpnc-2020.jpg\",\"contentUrl\":\"https:\/\/piqueniquedeschefs.fr\/wp-content\/uploads\/2020\/02\/cropped-logo-gpnc-2020.jpg\",\"width\":218,\"height\":136,\"caption\":\"Grand Pique-Nique des Chefs\"},\"image\":{\"@id\":\"https:\/\/piqueniquedeschefs.fr\/#\/schema\/logo\/image\/\"}}]}<\/script>\n<!-- \/ Yoast SEO plugin. -->","yoast_head_json":{"title":"Infos pratiques 2026 - Grand Pique-Nique des Chefs","robots":{"index":"index","follow":"follow","max-snippet":"max-snippet:-1","max-image-preview":"max-image-preview:large","max-video-preview":"max-video-preview:-1"},"canonical":"https:\/\/piqueniquedeschefs.fr\/index.php\/infos-pratiques-2026\/","og_locale":"fr_FR","og_type":"article","og_title":"Infos pratiques 2026 - Grand Pique-Nique des Chefs","og_description":"O\u00f9 &amp; quand ? Date : dimanche 5 juillet 2026 Horaires de l&rsquo;\u00e9v\u00e9nement : 11h30 &#8211; 17h30 Lieu : Parc du Domaine de Vizille &#8211;&hellip;","og_url":"https:\/\/piqueniquedeschefs.fr\/index.php\/infos-pratiques-2026\/","og_site_name":"Grand Pique-Nique des Chefs","article_modified_time":"2026-05-12T11:32:38+00:00","twitter_card":"summary_large_image","twitter_misc":{"Dur\u00e9e de lecture estim\u00e9e":"3 minutes"},"schema":{"@context":"https:\/\/schema.org","@graph":[{"@type":"WebPage","@id":"https:\/\/piqueniquedeschefs.fr\/index.php\/infos-pratiques-2026\/","url":"https:\/\/piqueniquedeschefs.fr\/index.php\/infos-pratiques-2026\/","name":"Infos pratiques 2026 - Grand Pique-Nique des Chefs","isPartOf":{"@id":"https:\/\/piqueniquedeschefs.fr\/#website"},"datePublished":"2026-01-30T14:30:46+00:00","dateModified":"2026-05-12T11:32:38+00:00","breadcrumb":{"@id":"https:\/\/piqueniquedeschefs.fr\/index.php\/infos-pratiques-2026\/#breadcrumb"},"inLanguage":"fr-FR","potentialAction":[{"@type":"ReadAction","target":["https:\/\/piqueniquedeschefs.fr\/index.php\/infos-pratiques-2026\/"]}]},{"@type":"BreadcrumbList","@id":"https:\/\/piqueniquedeschefs.fr\/index.php\/infos-pratiques-2026\/#breadcrumb","itemListElement":[{"@type":"ListItem","position":1,"name":"Accueil","item":"https:\/\/piqueniquedeschefs.fr\/"},{"@type":"ListItem","position":2,"name":"Infos pratiques 2026"}]},{"@type":"WebSite","@id":"https:\/\/piqueniquedeschefs.fr\/#website","url":"https:\/\/piqueniquedeschefs.fr\/","name":"Grand Pique-Nique des Chefs","description":"Ev\u00e9nement culinaire","publisher":{"@id":"https:\/\/piqueniquedeschefs.fr\/#organization"},"potentialAction":[{"@type":"SearchAction","target":{"@type":"EntryPoint","urlTemplate":"https:\/\/piqueniquedeschefs.fr\/?s={search_term_string}"},"query-input":{"@type":"PropertyValueSpecification","valueRequired":true,"valueName":"search_term_string"}}],"inLanguage":"fr-FR"},{"@type":"Organization","@id":"https:\/\/piqueniquedeschefs.fr\/#organization","name":"Grand Pique-Nique des Chefs","url":"https:\/\/piqueniquedeschefs.fr\/","logo":{"@type":"ImageObject","inLanguage":"fr-FR","@id":"https:\/\/piqueniquedeschefs.fr\/#\/schema\/logo\/image\/","url":"https:\/\/piqueniquedeschefs.fr\/wp-content\/uploads\/2020\/02\/cropped-logo-gpnc-2020.jpg","contentUrl":"https:\/\/piqueniquedeschefs.fr\/wp-content\/uploads\/2020\/02\/cropped-logo-gpnc-2020.jpg","width":218,"height":136,"caption":"Grand Pique-Nique des Chefs"},"image":{"@id":"https:\/\/piqueniquedeschefs.fr\/#\/schema\/logo\/image\/"}}]}},"_links":{"self":[{"href":"https:\/\/piqueniquedeschefs.fr\/index.php\/wp-json\/wp\/v2\/pages\/4136","targetHints":{"allow":["GET"]}}],"collection":[{"href":"https:\/\/piqueniquedeschefs.fr\/index.php\/wp-json\/wp\/v2\/pages"}],"about":[{"href":"https:\/\/piqueniquedeschefs.fr\/index.php\/wp-json\/wp\/v2\/types\/page"}],"author":[{"embeddable":true,"href":"https:\/\/piqueniquedeschefs.fr\/index.php\/wp-json\/wp\/v2\/users\/5"}],"replies":[{"embeddable":true,"href":"https:\/\/piqueniquedeschefs.fr\/index.php\/wp-json\/wp\/v2\/comments?post=4136"}],"version-history":[{"count":33,"href":"https:\/\/piqueniquedeschefs.fr\/index.php\/wp-json\/wp\/v2\/pages\/4136\/revisions"}],"predecessor-version":[{"id":4578,"href":"https:\/\/piqueniquedeschefs.fr\/index.php\/wp-json\/wp\/v2\/pages\/4136\/revisions\/4578"}],"wp:attachment":[{"href":"https:\/\/piqueniquedeschefs.fr\/index.php\/wp-json\/wp\/v2\/media?parent=4136"}],"curies":[{"name":"wp","href":"https:\/\/api.w.org\/{rel}","templated":true}]}}